s the greatest common divisor of 13 and n?
13
Let d(v) = v**2 + 10*v + 4. Let k = 35 - 49. Let x be d(k). What is the highest common factor of 45 and x?
15
Suppose -32*j - 7025 = -15089. Calculate the highest common divisor of 2 and j.
2
Let y(n) be the third derivative of -17*n**4/4 - 24*n**3 + 59*n**2. Let o be y(-6). Calculate the highest common factor of o and 36.
36
Suppose -5*b = -164 - 41. Let h = b + -34. What is the greatest common factor of 63 and h?
7
Let o = -27000 - -30979. Calculate the highest common factor of o and 1211.
173
Suppose -3*f - 4*f + 20*f = 10660. Calculate the highest common factor of 2 and f.
2
Let l be -3 + (-42)/(-15) + 3342/10. Let q = l - 325. What is the highest common factor of q and 27?
9
Let y(s) be the first derivative of 30*s + 5*s**2 + 1/3*s**3 - 6. Let v be y(-5). Calculate the highest common divisor of v and 25.
5
Let k be ((-1)/(-2))/((-12)/(-144)). Let v(f) = 3 + 0 - k - f. Let u be v(-19). What is the highest common factor of u and 80?
16
Let c be 346 - (3*2 - (82 + -83)). What is the highest common factor of 4633 and c?
113
Let k be -8 + 4 + -9 + 507. Suppose -3*m + 2*n = -1840, -120 - k = -m + n. Calculate the highest common factor of 24 and m.
12
Let o = 13413 - 13408. What is the greatest common divisor of o and 7355?
5
Let n be 2 - (-12)/(-6)*2513/(-2). What is the highest common divisor of n and 45?
5
Let x be 9219 - ((-8352)/638 + (-12)/(-11)). Calculate the highest common divisor of x and 102.
51
Let d be (-16)/(-2) - 6/3. Suppose -4*y - 2*k + 17 = -k, 3*k = -9. Suppose 18*b = y*b + 195. Calculate the greatest common divisor of b and d.
3
Let g(p) = -43*p - 80. Let h be g(-2). Let u be 102/(-68)*(-56)/h. What is the highest common divisor of 2 and u?
2
Let w = 521 + -711. Let f = w + 220. Calculate the greatest common divisor of 12 and f.
6
Suppose -10*g + 4*d - 32 = -14*g, 0 = -3*d - 15. What is the greatest common divisor of g and 16?
1
Suppose 0 = -i - 4*i - 5*t + 25, -i - 4*t = -11. Suppose -k = k - 2, 0 = i*y - 3*k + 345. Let r = -46 - y. What is the highest common factor of r and 102?
34
Suppose 5 = -2*p + 9. Let d be (12/(-4) - p)*-7. Let m be 504/d*(-5)/(-1). Calculate the greatest common divisor of m and 8.
8
Let d = 82 - 77. Suppose d*g = -7*g - 408. Let v = g - -58. Calculate the greatest common divisor of v and 96.
24
Suppose 0 = -11*s + 34*s - 736. Let p be 88/10*170/17. What is the greatest common factor of p and s?
8
Suppose -21*x = -2*x - 76. Suppose j + 17 + 1 = -5*m, -x*m = -4*j + 48. What is the highest common divisor of 56 and j?
7
Let s(r) = 29*r + 33. Let p be s(13). Let o(w) = -411*w + p*w + 1 + 2. Let g be o(-1). Calculate the highest common divisor of 4 and g.
4
Suppose 0 = 8*l + 5 - 21. Suppose 3*q - 154 = -5*j + 219, -l*j - 5*q + 134 = 0. What is the greatest common divisor of j and 7?
7
Suppose 4*u - 7*u + 224 + 4654 = 0. What is the highest common divisor of u and 24?
6
Let r(y) = -y**2 - 40*y + 505. Let o be r(-21). What is the highest common divisor of 72 and o?
8
Let s be -2*(-411)/(-8) + (-60)/(-80). Let a = 128 + s. Suppose 63 = 5*k + 3*t, 2*k + 0*k + t - a = 0. Calculate the greatest common factor of k and 255.
15
Let f(w) = -117*w + 8112. Let t be f(69). What is the highest common divisor of 4199 and t?
13
Let r be 223/2 - ((-81)/6)/(-9). Suppose -r*c + 112*c - 200 = 0. What is the highest common divisor of 40 and c?
20
Let v(s) = 2*s**2 - 27*s + 64. Let o be v(16). What is the greatest common divisor of o and 6012?
36
Let m(x) = 3*x**2 + 18*x - 8. Let r be m(-6). Let o be ((-5)/(-5))/1 - 1*r. Suppose 0 = -o*c + 14*c - 325. Calculate the greatest common factor of c and 26.
13
Let g be 2/4*(14 + -8). Suppose 2*x + 2*z = 30, x + g*z = -0*x + 11. Suppose 8*k + x = 57. What is the highest common divisor of 55 and k?
5
Suppose 90*q - 680 = 5*q. What is the highest common factor of q and 206?
2
Suppose 0 = 2*t - q - 99, -3*t = -7*t - 5*q + 205. Suppose 5*j - 430 = -7*l, -99*l + 96*l + 5*j + 170 = 0. Calculate the greatest common divisor of l and t.
10
Suppose w - 7*w = 12. Let z be (4 - 2) + (-10)/5*w. What is the greatest common factor of z and 9?
3
Suppose 2*g - 50 = -5*p, p - 3*p = 5*g - 104. Suppose -2*i = 5*s + i - g, -8 = -2*s - 2*i. Let l = -31 - -67. What is the highest common divisor of s and l?
4
Let z be 65/2*(-52)/65. Let t = z + 101. Calculate the highest common factor of t and 3.
3
Let g be 19/((2 - 9)/(-91)). Let t be 20235/g - 1/(-13). What is the highest common factor of t and 369?
41
Suppose 3*p = 8*p + 3*a - 423, -p - 2*a + 79 = 0. Let y = -32 + p. What is the greatest common divisor of 44 and y?
11
Let l = 17849 + -13752. Calculate the greatest common factor of 723 and l.
241
Let z be ((-240)/14)/4*14/(-3). Suppose -131 + z = v. Let h = v + 130. Calculate the highest common factor of 38 and h.
19
Let o(w) = -3*w**3 - 35*w**2 - 267*w + 10. Let m be o(-6). What is the highest common divisor of 16 and m?
8
Suppose -q = 2*z - 0*z - 14, 0 = -q - 2. Let j(f) = 4*f - 39. Let o be j(18). Let p be -50*(-3 - o/(-15)). What is the highest common divisor of z and p?
8
Suppose 3*y - 46 = -4*d, -d - 7*y + 3*y = -18. Suppose 0 = -d*l + 380 - 200. Calculate the greatest common divisor of l and 8.
2
Let j be (-615)/12 + 1/4. Let p = 61 + j. Let g = -5 + 15. Calculate the greatest common divisor of g and p.
10
Let q be (-6)/(-1) - 75/(-15). Suppose 5*v - 122 = -3*r, -q*v + 10*v - 103 = -2*r. Calculate the greatest common divisor of r and 7.
7
Let o = 172 + -29. Let f = o - 62. Let h be (-3 - 0) + -4 - (36 - 97). What is the highest common divisor of f and h?
27
Let s be (1248/(-728))/((-5)/350). Let d = 1 + 2. Calculate the greatest common divisor of s and d.
3
Let b(h) = 53*h**2 - 4. Let f be b(2). Let l be f/(-6)*(-3)/2. Suppose -4*p = 2*q - 89 + 87, 3*q = 3*p + 57. Calculate the greatest common divisor of q and l.
13
Let a(v) = -9*v + 759. Let x be a(0). Calculate the highest common factor of 33 and x.
33
Let o = -4398 - -4426. What is the greatest common divisor of 1004 and o?
4
Let y be (-8)/(-6)*(-2100)/(-224)*348/10. Calculate the greatest common divisor of y and 75.
15
Suppose -3 + 15 = -3*b, -9*j = 3*b - 60. Calculate the highest common divisor of j and 2488.
8
Suppose 19 = 8701*p - 8700*p + t, 4*t = 5*p - 140. Suppose a - 6*a + 1020 = 0. Calculate the highest common factor of p and a.
12
Let l = 1315 + -939. Calculate the greatest common factor of 47 and l.
47
Let r(b) be the second derivative of -50*b**3/3 - 9*b**2/2 - 327*b. Let g be r(-1). Calculate the greatest common divisor of g and 65.
13
Let g = -4 + 0. Let p be -1 - (-15)/18 - (-6466)/636. Let x be 4760/100 - g/p. Calculate the greatest common factor of 6 and x.
6
Suppose -13*v + 10*v - d + 73 = 0, 0 = -4*d + 16. Let g be 1/1 + (89 - -1). Suppose 0 = -b + 93 + g. Calculate the greatest common divisor of v and b.
23
Suppose -39 = -7*c + 45. Suppose c*s = 3*s + 216. What is the greatest common factor of 42 and s?
6
Let z be (-1)/(-2 - (-238)/118). Let h = -90 + 163. Let s = h + z. Calculate the highest common factor of 154 and s.
14
Let o(j) = j**2 + 15*j - 19. Let c be o(-18). Suppose -123 = 15*m - 348. What is the highest common factor of m and c?
5
Suppose -10 = 5*a, -5*s = -2*s - 3*a - 42. Let j = -6 + s. Suppose -b + 51 = 4*u - j, -3*u = -4*b + 266. What is the greatest common factor of 26 and b?
13
Let i be 143 + 2 + (0 - 7). Calculate the highest common divisor of i and 3.
3
Let x = 44 - -1. Let m(s) = 5*s + 8. Let i be m(1). Let l = x - i. Calculate the greatest common divisor of l and 8.
8
Let b(q) = -q**2 - 12*q + 2. Let p be b(-12). Suppose p*h - 200 = -2*h. Let a = -17962 - -18087. What is the highest common divisor of a and h?
25
Let j(z) = -5*z**2 - 326*z + 1. Let s be j(-65). What is the highest common divisor of 88 and s?
22
Suppose 4*b = -12, 18*u - 20*u - 4*b = -6. What is the highest common divisor of u and 1341?
9
Let g be (-5 - (-4)/((-96)/558))*-8. Let f be (-1)/(-1)*(-13 + g) + 4. Calculate the greatest common factor of f and 124.
31
Suppose 4*s - 454 - 110 = 0. Suppose 3*g - 2*t = -7*t + 444, -4*t = g - s. Calculate the highest common divisor of 68 and g.
17
Suppose 3*s + 220 = q, 7*q + s = 2*q + 1020. What is the greatest common divisor of q and 2?
1
Suppose -147